In base 5, what is -2131 - -12201430?
12144244
In base 7, what is -1410031415 + -5?
-1410031423
In base 14, what is 197 - 11a518?
-11a361
In base 2, what is -1010011110111101 + 1011001011110?
-1001000101011111
In base 7, what is -3615015424 - -5?
-3615015416
In base 8, what is -3 - 10347471?
-10347474
In base 6, what is 10403 - 33531?
-23124
In base 9, what is 42707112 + -3?
42707108
In base 2, what is 11100001011 - 1110101001000?
-1011000111101
In base 13, what is -c4917c - 59?
-c49208
In base 2, what is -110111111011 + -111001110000?
-1110001101011
In base 4, what is 1002001 - -300232?
1302233
In base 7, what is 14100 + -11605?
2162
In base 3, what is -20122021 - -100?
-20121221
In base 4, what is -101 + -32010031031?
-32010031132
In base 13, what is -12 - 404787?
-404799
In base 7, what is -10662 + 203212?
162220
In base 5, what is 10021130214402 + 3?
10021130214410
In base 7, what is -115 - 115355?
-115503
In base 5, what is -43410 - 3103243?
-3202203
In base 2, what is 11001000110101 - -10001110100001?
101010111010110
In base 13, what is -5ba7 - 53c?
-6416
In base 8, what is 264 - 1150505?
-1150221
In base 15, what is 1d1a6 + 14?
1d1ba
In base 6, what is -145 - 112012420?
-112013005
In base 3, what is 111110 - 10001010220121?
-10001010102011
In base 12, what is 85b0 + -287?
8325
In base 11, what is 2 - -767346?
767348
In base 7, what is 4422 + -3214?
1205
In base 5, what is 444011 - 42144?
401312
In base 16, what is e8fddc - -1?
e8fddd
In base 15, what is 1 + 2cea0243?
2cea0244
In base 16, what is 1ab25 - -1d5?
1acfa
In base 14, what is -3d2c + -4b42?
-8a70
In base 10, what is -26 - 2734065?
-2734091
In base 8, what is -43 + 64754?
64711
In base 14, what is 2015 + -8ca?
1529
In base 8, what is -2 + 2364362?
2364360
In base 5, what is 20 - 413420134?
-413420114
In base 15, what is -1 + a8e995?
a8e994
In base 9, what is 266383128 - 0?
266383128
In base 15, what is 4dedb - -15?
4e001
In base 2, what is 11110111101 - 1010111110010?
-111000110101
In base 7, what is -100512 + 522?
-66660
In base 9, what is -5 - -1648421?
1648415
In base 5, what is 2220441 + -1043?
2214343
In base 4, what is 32020101 - 31100?
31323001
In base 5, what is -10424200112 - -1?
-10424200111
In base 6, what is -415 - -11455152?
11454333
In base 15, what is -91a1749 - -5?
-91a1744
In base 16, what is 2 - 281ea?
-281e8
In base 12, what is -546a55 - 17?
-546a70
In base 4, what is 11300 - 1221000321?
-1220323021
In base 2, what is 1111011110100111101101010 + 11?
1111011110100111101101101
In base 14, what is 4 - -709bda?
709c00
In base 9, what is 22224177 - -4?
22224182
In base 11, what is 9384 + -249?
9136
In base 16, what is -23488 + -f?
-23497
In base 7, what is 5 + -311143335?
-311143330
In base 7, what is 10 + -222654243?
-222654233
In base 3, what is -11 + -10120100100?
-10120100111
In base 4, what is -33 + 2113113123301?
2113113123202
In base 6, what is 3 + 4520225534?
4520225541
In base 10, what is 268427331 - -4?
268427335
In base 10, what is -72774 - -19?
-72755
In base 11, what is 989766 - 13?
989753
In base 12, what is -2870 - -b0b1?
8441
In base 7, what is 2025431025 + -5?
2025431020
In base 4, what is -22 + -131101013313?
-131101020001
In base 14, what is -49449b + 39?
-494462
In base 9, what is 227652 + -252?
227400
In base 6, what is 1420143010 - 5?
1420143001
In base 2, what is -100 - 1010010110100000011010001?
-1010010110100000011010101
In base 12, what is -532a - -9?
-5321
In base 5, what is 3 - 312402304?
-312402301
In base 5, what is 1030430 - -123310?
1204240
In base 13, what is -23530418 + -3?
-2353041b
In base 15, what is -ab1 + 4e1?
-5c0
In base 8, what is 5 - 2531223?
-2531216
In base 14, what is -4 + 343732?
34372c
In base 9, what is 143651650 - 2?
143651647
In base 16, what is 1 + dc3b2?
dc3b3
In base 16, what is 13e1 + 3407?
47e8
In base 14, what is -1a08148 + -10?
-1a08158
In base 5, what is 21 - 21302131110?
-21302131034
In base 2, what is 10000011101101010 - 1010000101?
10000010011100101
In base 5, what is -300433443 + 22?
-300433421
In base 11, what is -2 + -64a3871?
-64a3873
In base 13, what is 1b2058c + -19?
1b20573
In base 8, what is -2242355344 - 5?
-2242355351
In base 2, what is 101111000111001101100100100 - 10?
101111000111001101100100010
In base 12, what is -295 + b8228?
b7b53
In base 8, what is -311 + -1625016?
-1625327
In base 10, what is -175 - -16235?
16060
In base 13, what is -6 - 15385?
-1538b
In base 4, what is -121300102 + 13010?
-121221032
In base 10, what is -1 - 233534072?
-233534073
In base 5, what is 4111001 - 44?
4110402
In base 13, what is 22396a6 - 2?
22396a4
In base 7, what is 23 - -34024304?
34024330
In base 13, what is -114ab2 + 4?
-114aab
In base 2, what is -1110100101100011001011 + 1101?
-1110100101100010111110
In base 2, what is -110101001 - 111011100110001?
-111100011011010
In base 13, what is -32 + -183a639?
-183a66b
In base 15, what is 5ed - 1023?
-925
In base 10, what is -3099 - -158671?
155572
In base 7, what is 1406633 - -55?
1410021
In base 10, what is -18 + 13151926?
13151908
In base 9, what is -2156 + -101?
-2257
In base 12, what is 3 + -4595104?
-4595101
In base 13, what is 27 + -17a1b?
-179c4
In base 12, what is -3 - 3443b94?
-3443b97
In base 2, what is -100010011110100111000 - 10011?
-100010011110101001011
In base 5, what is -2 - -2122140220?
2122140213
In base 2, what is 1001 - 111010010111010110000?
-111010010111010100111
In base 2, what is 10010011 + -1010111111000001110?
-1010111110101111011
In base 7, what is -313410055 - 6?
-313410064
In base 3, what is 1112120102222 + 10200?
1112120120122
In base 3, what is 1020002120210211201 - -12?
1020002120210211220
In base 4, what is 12223 + 112022003?
112100232
In base 9, what is 4 + -825061615?
-825061611
In base 11, what is 1a - 303609?
-30359a
In base 9, what is 62411386 - -3?
62411400
In base 13, what is -4 + -518b74?
-518b78
In base 13, what is -5205b08 - 6?
-5205b11
In base 15, what is -3 + 1dbad25b?
1dbad258
In base 2, what is 10100110110000111101111000001 - 1?
10100110110000111101111000000
In base 7, what is -1455562520 - -1?
-1455562516
In base 16, what is -427 - 5431?
-5858
In base 5, what is -2 - -210414131?
210414124
In base 3, what is 1 + -112210002022101?
-112210002022100
In base 11, what is 119 + -32459?
-32340
In base 7, what is -4225601 - 136?
-4226040
In base 13, what is 5 + -63ab39?
-63ab34
In base 11, what is 6 - 11017674?
-11017669
In base 11, what is -82320a7 - -9?
-8232099
In base 7, what is 3 - 25514466?
-25514463
In base 13, what is -ab - 4278?
-4356
In base 9, what is -3852 + -1167?
-5130
In base 9, what is -15704 - -2823?
-12771
In base 11, what is -3 - 51a913?
-51a916
In base 6, what is -105 - 1150415?
-1150524
In base 8, what is -6 - 35673212?
-35673220
In base 12, what is 355194b + -5?
3551946
In base 4, what is 1 + 1131102003221?
1131102003222
In base 15, what is -36 + -4b72?
-4ba8
In base 13, what is -644 + -270b?
-3052
In base 14, what is 1a9 + -3702?
-3537
In base 16, what is fc + -522f9?
-521fd
In base 12, what is -1a2 - -64438?
64256
In base 11, what is 1155469 + 76?
1155534
In base 4, what is 2 + -123330111112?
-123330111110
In base 12, what is 1ab8 - -3293?
518b
In base 13, what is -5c414ba - 19?
-5c41506
In base 10, what is -2 + -5026803?
-5026805
In base 8, what is -1363 + -35100?
-36463
In base 7, what is 0 - 335643404?
-335643404
In base 4, what is 3 - -22031231232?
22031231301
In base 15, what is -caa51cd + -3?
-caa51d1
In base 8, what is -10216 + -16126?
-26344
In base 16, what is -39519de + -3?
-39519e1
In base 12, what is -a20b6a2 + 5?
-a20b699
In base 14, what is b5469 + bb?
b5546
In base 10, what is 30 - 2306203?
-2306173
In base 11, what is -28539893 + 4?
-2853988a
In base 14, what is b43 - -1228?
1d6b
In base 3, what is -200210222 + 1210121110?
1002210111
In base 16, what is df8 - -dd7b?
eb73
In base 12, what is -314559b - 1?
-31455a0
In base 10, what is 0 + -102793528?
-102793528
In base 12, what is -4291 - -2aa?
-3ba3
In base 4, what is -11203333111132 + -2?
-11203333111200
In base 10, what is 18 - 6274918?
-6274900
In base 10, what is 23 - -319602?
319625
In base 12, what is -2416 - 3281?
-5697
In base 11, what is -1715 - 2820?
-4435
In base 9, what is -14367 - -1082?
-13275
In base 14, what is a6 